{"id":6658,"date":"2024-07-16T17:37:19","date_gmt":"2024-07-16T17:37:19","guid":{"rendered":"https:\/\/ahertzogvideoarte.com\/collection\/?page_id=6658"},"modified":"2024-07-16T17:40:33","modified_gmt":"2024-07-16T17:40:33","slug":"termos","status":"publish","type":"page","link":"https:\/\/ahertzogvideoarte.com\/collection\/termos\/","title":{"rendered":"Termos"},"content":{"rendered":"\t\t<div data-elementor-type=\"wp-page\" data-elementor-id=\"6658\" class=\"elementor elementor-6658\" data-elementor-settings=\"{&quot;ha_cmc_init_switcher&quot;:&quot;no&quot;}\" data-elementor-post-type=\"page\">\n\t\t\t\t<div class=\"elementor-element elementor-element-8eccae7 elementor-hidden-widescreen elementor-hidden-desktop elementor-hidden-laptop elementor-hidden-tablet e-flex e-con-boxed e-con e-parent\" data-id=\"8eccae7\" data-element_type=\"container\" data-e-type=\"container\" data-settings=\"{&quot;_ha_eqh_enable&quot;:false}\">\n\t\t\t\t\t<div class=\"e-con-inner\">\n\t\t\t\t<div class=\"elementor-element elementor-element-9ac9bb6 elementor-widget elementor-widget-spacer\" data-id=\"9ac9bb6\" data-element_type=\"widget\" data-e-type=\"widget\" data-widget_type=\"spacer.default\">\n\t\t\t\t<div class=\"elementor-widget-container\">\n\t\t\t\t\t\t\t<div class=\"elementor-spacer\">\n\t\t\t<div class=\"elementor-spacer-inner\"><\/div>\n\t\t<\/div>\n\t\t\t\t\t\t<\/div>\n\t\t\t\t<\/div>\n\t\t\t\t<div class=\"elementor-element elementor-element-a684cf7 elementor-widget elementor-widget-spacer\" data-id=\"a684cf7\" data-element_type=\"widget\" data-e-type=\"widget\" data-widget_type=\"spacer.default\">\n\t\t\t\t<div class=\"elementor-widget-container\">\n\t\t\t\t\t\t\t<div class=\"elementor-spacer\">\n\t\t\t<div class=\"elementor-spacer-inner\"><\/div>\n\t\t<\/div>\n\t\t\t\t\t\t<\/div>\n\t\t\t\t<\/div>\n\t\t\t\t<div class=\"elementor-element elementor-element-fd2a384 elementor-widget elementor-widget-shortcode\" data-id=\"fd2a384\" data-element_type=\"widget\" data-e-type=\"widget\" data-widget_type=\"shortcode.default\">\n\t\t\t\t<div class=\"elementor-widget-container\">\n\t\t\t\t\t\t\t<div class=\"elementor-shortcode\">\t\t<div data-elementor-type=\"container\" data-elementor-id=\"4817\" class=\"elementor elementor-4817\" data-elementor-settings=\"{&quot;ha_cmc_init_switcher&quot;:&quot;no&quot;}\" data-elementor-post-type=\"elementor_library\">\n\t\t\t\t<div class=\"elementor-element elementor-element-72da3632 e-flex e-con-boxed e-con e-parent\" data-id=\"72da3632\" data-element_type=\"container\" data-e-type=\"container\" data-settings=\"{&quot;_ha_eqh_enable&quot;:false}\">\n\t\t\t\t\t<div class=\"e-con-inner\">\n\t\t\t\t<div class=\"elementor-element elementor-element-7b1756b1 elementor-widget elementor-widget-heading\" data-id=\"7b1756b1\" data-element_type=\"widget\" data-e-type=\"widget\" data-widget_type=\"heading.default\">\n\t\t\t\t<div class=\"elementor-widget-container\">\n\t\t\t\t\t<p class=\"elementor-heading-title elementor-size-default\">Termos de Uso<\/p>\t\t\t\t<\/div>\n\t\t\t\t<\/div>\n\t\t\t\t<div class=\"elementor-element elementor-element-4e93745c elementor-widget elementor-widget-spacer\" data-id=\"4e93745c\" data-element_type=\"widget\" data-e-type=\"widget\" data-widget_type=\"spacer.default\">\n\t\t\t\t<div class=\"elementor-widget-container\">\n\t\t\t\t\t\t\t<div class=\"elementor-spacer\">\n\t\t\t<div class=\"elementor-spacer-inner\"><\/div>\n\t\t<\/div>\n\t\t\t\t\t\t<\/div>\n\t\t\t\t<\/div>\n\t\t\t\t<div class=\"elementor-element elementor-element-2c6d4847 elementor-widget elementor-widget-text-editor\" data-id=\"2c6d4847\" data-element_type=\"widget\" data-e-type=\"widget\" data-widget_type=\"text-editor.default\">\n\t\t\t\t<div class=\"elementor-widget-container\">\n\t\t\t\t\t\t\t\t\t<p><span style=\"font-weight: 400;\">Por favor, leia estes Termos de Uso com aten\u00e7\u00e3o \u2014 ao acessar ou fazer qualquer uso da plataforma <\/span><a href=\"https:\/\/ahertzogvideoarte.com\"><span style=\"font-weight: 400;\"><span style=\"text-decoration: underline;\">https:\/\/ahertzogvideoarte.com<\/span><\/span><\/a><span style=\"font-weight: 400;\">, Voc\u00ea concorda com este Termos.<\/span><\/p><p><span style=\"font-weight: 400;\">Somos a plataforma Cole\u00e7\u00e3o de Videoarte Alfredo Hertzog, dispon\u00edvel em <\/span><span style=\"text-decoration: underline;\"><a href=\"https:\/\/ahertzogvideoarte.com\"><span style=\"font-weight: 400;\">https:\/\/ahertzogvideoarte.com<\/span><\/a><\/span><span style=\"font-weight: 400;\"> (\u201c<\/span><span style=\"font-weight: 400;\">Cole\u00e7\u00e3o de Videoarte Alfredo Hertzog<\/span><span style=\"font-weight: 400;\">\u201d ou \u201c<\/span><span style=\"font-weight: 400;\">Plataforma<\/span><span style=\"font-weight: 400;\">\u201d), e os presentes Termos de Uso (\u201c<\/span><span style=\"font-weight: 400;\">Termos<\/span><span style=\"font-weight: 400;\">\u201d) visam regular a utiliza\u00e7\u00e3o da Plataforma por voc\u00ea (\u201c<\/span><span style=\"font-weight: 400;\">Usu\u00e1rio<\/span><span style=\"font-weight: 400;\">\u201d ou \u201c<\/span><span style=\"font-weight: 400;\">Voc\u00ea<\/span><span style=\"font-weight: 400;\">\u201d).<\/span><\/p><p><span style=\"font-weight: 400;\">Estes Termos est\u00e3o dispon\u00edveis para acesso a qualquer momento pelo Usu\u00e1rio, e poder\u00e3o ser atualizados, a qualquer tempo, pela Cole\u00e7\u00e3o de Videoarte Alfredo Hertzog, mediante aviso na Plataforma.\u00a0<\/span><\/p><p><b>O QUE \u00c9 A COLE\u00c7\u00c3O DE VIDEOARTE ALFREDO HERTZOG<\/b><\/p><p><span style=\"font-weight: 400;\">A Plataforma \u00e9 um meio de divulga\u00e7\u00e3o e exibi\u00e7\u00e3o de obras da Cole\u00e7\u00e3o de Videoarte Alfredo Hertzog, formada por obras protegidas por direitos autorais de artistas nacionais e internacionais, com f<\/span><span style=\"font-weight: 400;\">ormato que varia da anima\u00e7\u00e3o digital ao filme com efeitos especiais. Todas as obras dispon\u00edveis na Plataforma fazem parte da <\/span><span style=\"font-weight: 400;\">Cole\u00e7\u00e3o de Videoarte Alfredo Hertzog<\/span><span style=\"font-weight: 400;\">, possuem certificado de autenticidade e est\u00e3o devidamente autorizadas a serem utilizadas na Plataforma.<\/span><\/p><p><span style=\"font-weight: 400;\">Todas as artistas e obras que est\u00e3o na Plataforma cont\u00e9m uma apresenta\u00e7\u00e3o padr\u00e3o com a ficha t\u00e9cnica e marca d\u2019\u00e1gua com selo da Cole\u00e7\u00e3o de Videoarte Alfredo Hertzog. Caso Voc\u00ea seja o titular dos direitos sobre a obra e queira alterar ou acrescentar informa\u00e7\u00f5es, entre em contato conosco <span style=\"text-decoration: underline;\"><a href=\"mailto:alfredohertzogart@gmail.com\" target=\"_blank\" rel=\"noopener\">alfredohertzogart@gmail.com<\/a><\/span><\/span><\/p><p><span style=\"font-weight: 400;\">Para mais informa\u00e7\u00f5es sobre a <\/span><span style=\"font-weight: 400;\">Cole\u00e7\u00e3o de Videoarte Alfredo Hertzog, acesse <strong>Cole\u00e7\u00e3o<\/strong><\/span>.<\/p><p><b>FUNCIONALIDADES DISPON\u00cdVEIS<\/b><\/p><p><span style=\"font-weight: 400;\">Voc\u00ea, como Usu\u00e1rio da Plataforma, poder\u00e1:<\/span><\/p><p><span style=\"font-weight: 400;\">&#8211; pesquisar e visualizar as obras da Cole\u00e7\u00e3o de Videoarte Alfredo Hertzog;<\/span><\/p><p><span style=\"font-weight: 400;\">&#8211; pesquisar e visualizar conte\u00fados formativos e de pesquisa referentes \u00e0 Cole\u00e7\u00e3o de Videoarte Alfredo Hertzog, incluindo a ficha t\u00e9cnica de cada uma das obras.<\/span><\/p><p><span style=\"font-weight: 400;\">Podemos adicionar ou remover as funcionalidades aqui dispostas, visto que a Plataforma evolui e se transforma com o tempo.<\/span><\/p><p><b>CAR\u00c1TER GRATUITO DO ACESSO E UTILIZA\u00c7\u00c3O DA PLATAFORMA<\/b><\/p><p><span style=\"font-weight: 400;\">O acesso e a utiliza\u00e7\u00e3o da Plataforma pelo Usu\u00e1rio t\u00eam car\u00e1ter gratuito.<\/span><\/p><p><b>DURA\u00c7\u00c3O E ENCERRAMENTO<\/b><\/p><p><span style=\"font-weight: 400;\">O acesso \u00e0 Plataforma \u00e9 concedido ao Usu\u00e1rio por prazo indeterminado.<\/span><\/p><p><span style=\"font-weight: 400;\">O Usu\u00e1rio poder\u00e1, a qualquer momento, cancelar o seu cadastro na Plataforma.<\/span><\/p><p><span style=\"font-weight: 400;\">A Cole\u00e7\u00e3o de Videoarte Alfredo Hertzog, por sua vez, est\u00e1 facultada a dar por terminado, suspender ou interromper unilateralmente, a qualquer momento e sem necessidade de pr\u00e9vio aviso, o acesso \u00e0 Plataforma, sem que qualquer indeniza\u00e7\u00e3o seja devida ao Usu\u00e1rio.<\/span><\/p><p><span style=\"font-weight: 400;\">A Cole\u00e7\u00e3o de Videoarte Alfredo Hertzog, ainda, se reserva o direito de recusar ou retirar o acesso \u00e0 Plataforma, a qualquer momento e sem necessidade de pr\u00e9vio aviso, por iniciativa pr\u00f3pria ou por exig\u00eancia de um terceiro, \u00e0queles Usu\u00e1rios que descumprirem estes Termos.<\/span><\/p><p><b>MENOR DE 18 (DEZOITO) ANOS<\/b><\/p><p><span style=\"font-weight: 400;\">Se Voc\u00ea \u00e9 menor de 18 (dezoito) anos, e deseja acessar a Plataforma como Usu\u00e1rio, voc\u00ea deve obter a autoriza\u00e7\u00e3o expressa de seus respons\u00e1veis legais, e nos encaminhar\u00a0 contato: <span style=\"text-decoration: underline;\"><a href=\"mailto:alfredohertzogart@gmail.com\" target=\"_blank\" rel=\"noopener\">alfredohertzogart@gmail.com<\/a><\/span><\/span><\/p><p><span style=\"font-weight: 400;\">Al\u00e9m disso, todas as obras com classifica\u00e7\u00e3o indicativa para maiores de 18 (dezoito) anos estar\u00e3o devidamente identificadas individualmente na Plataforma.<\/span><\/p><p><span style=\"font-weight: 400;\">\u00a0<\/span><\/p><p><b>OBRIGA\u00c7\u00c3O DE UTILIZAR A PLATAFORMA CORRETAMENTE<\/b><\/p><p><span style=\"font-weight: 400;\">Ao utilizar a Plataforma, o Usu\u00e1rio se compromete a respeitar a legisla\u00e7\u00e3o brasileira vigente, bem como todo o quanto disposto nos presentes Termos, n\u00e3o devendo inscrever, disponibilizar, divulgar ou transmitir qualquer conte\u00fado que:<\/span><\/p><ol><li><span style=\"font-weight: 400;\">a) Seja contr\u00e1rio a qualquer norma da legisla\u00e7\u00e3o brasileira;<\/span><\/li><li><span style=\"font-weight: 400;\">b) Incentive a discrimina\u00e7\u00e3o, o \u00f3dio ou a viol\u00eancia contra pessoas ou grupos em raz\u00e3o de orienta\u00e7\u00e3o sexual, g\u00eanero, ra\u00e7a, religi\u00e3o, defici\u00eancia, nacionalidade ou por qualquer outro motivo;<\/span><\/li><li><span style=\"font-weight: 400;\">c) Incorporem ou permitam acessar obras, elementos, mensagens, produtos e\/ou servi\u00e7os ilegais, violentos, pornogr\u00e1ficos, degradantes ou, em geral, contr\u00e1rios \u00e0 lei;<\/span><\/li><li><span style=\"font-weight: 400;\">d) Sejam falsos ou inexatos, de forma que possam induzir a erro sobre seu objeto ou sobre as inten\u00e7\u00f5es ou prop\u00f3sitos;<\/span><\/li><li><span style=\"font-weight: 400;\">e) Sejam protegidos por quaisquer direitos de propriedade intelectual pertencente a terceiros, sem que o Usu\u00e1rio tenha obtido<\/span><\/li><\/ol><p><span style=\"font-weight: 400;\">previamente dos seus titulares a autoriza\u00e7\u00e3o necess\u00e1ria para disponibilizar na Plataforma;<\/span><\/p><ol><li><span style=\"font-weight: 400;\">f) Incorporem v\u00edrus ou outros elementos f\u00edsicos ou eletr\u00f4nicos que possam causar dano ou impedir o normal funcionamento da rede, do sistema ou de equipamentos inform\u00e1ticos (\u201chardware\u201d e \u201csoftware\u201d) de terceiros, ou que possam causar dano aos documentos eletr\u00f4nicos e arquivos armazenados nestes equipamentos inform\u00e1ticos;<\/span><\/li><li><span style=\"font-weight: 400;\">g) Provoquem, por suas caracter\u00edsticas (tais como forma, extens\u00e3o, tamanho, entre outros) dificuldades ao normal funcionamento da Plataforma.<\/span><\/li><\/ol><p><span style=\"font-weight: 400;\">Em qualquer circunst\u00e2ncia, o Usu\u00e1rio \u00e9 o \u00fanico respons\u00e1vel pelo uso que fizer da Plataforma, bem como por qualquer conte\u00fado por ele enviado.<\/span><\/p><p><b>PROPRIEDADE INTELECTUAL<\/b><\/p><p><span style=\"font-weight: 400;\">O Usu\u00e1rio se compromete a utilizar a Plataforma e o seu conte\u00fado, ou seja, as obras protegidas por direitos de propriedade intelectual, incluindo obras audiovisuais, fotogr\u00e1ficas, textos, marcas, \u00edcones, conte\u00fados audiovisuais ou sonoros, softwares e desenhos gr\u00e1ficos (em conjunto, \u201cConte\u00fado(s)\u201d), de acordo com todo o ordenamento jur\u00eddico.<\/span><\/p><p><span style=\"font-weight: 400;\">Todo o Conte\u00fado \u00e9 de propriedade exclusiva da Cole\u00e7\u00e3o de Videoarte Alfredo Hertzog, ou de terceiros que autorizaram sua utiliza\u00e7\u00e3o na Plataforma, e est\u00e1 protegido por leis e tratados internacionais, sendo vedada sua c\u00f3pia, reprodu\u00e7\u00e3o, ou qualquer outro tipo de utiliza\u00e7\u00e3o, ficando os infratores sujeitos \u00e0s san\u00e7\u00f5es civis e criminais correspondentes, nos termos das Leis 9.610\/98, 9.609\/98 e 9.279\/96.\u00a0<\/span><\/p><p><span style=\"font-weight: 400;\">O Usu\u00e1rio dever\u00e1 se abster de obter, ou de tentar obter, os Conte\u00fados por meios distintos daqueles que, em cada caso, tenham sido colocados \u00e0 disposi\u00e7\u00e3o para tais prop\u00f3sitos.<\/span><\/p><p><b>ISEN\u00c7\u00c3O DE RESPONSABILIDADE<\/b><\/p><p><span style=\"font-weight: 400;\">N\u00f3s nos reservamos ao direito de, a qualquer tempo, remover e\/ou suspender a disponibiliza\u00e7\u00e3o ao p\u00fablico de qualquer obra e conte\u00fado da Plataforma, caso esteja em viola\u00e7\u00e3o \u00e0s nossas pol\u00edticas, \u00e0 legisla\u00e7\u00e3o brasileira ou nas demais hip\u00f3teses previstas nos Termos de Uso. Toda a responsabilidade pelo conte\u00fado das obras da Plataforma pertence exclusivamente aos autores\/titulares de tais obras.<\/span><\/p><p><span style=\"font-weight: 400;\">Em decorr\u00eancia de quest\u00f5es t\u00e9cnicas e operacionais, a Plataforma n\u00e3o pode garantir a disponibilidade, infalibilidade e continuidade do funcionamento da Plataforma, nem garante a utilidade para a realiza\u00e7\u00e3o de qualquer atividade em concreto. Desse modo, a Cole\u00e7\u00e3o de Videoarte Alfredo Hertzog n\u00e3o ser\u00e1, em hip\u00f3tese alguma, respons\u00e1vel por quaisquer danos decorrentes da interrup\u00e7\u00e3o do acesso \u00e0 Plataforma, ou por falhas de funcionamento, nem se responsabiliza por qualquer dificuldade de acesso \u00e0 Plataforma pelo Usu\u00e1rio.<\/span><\/p><p><b>DISPOSI\u00c7\u00d5ES GERAIS<\/b><\/p><p><span style=\"font-weight: 400;\">Se qualquer parte destes Termos for considerada inv\u00e1lida ou inexequ\u00edvel, tal trecho deve ser interpretado de forma consistente com a lei aplic\u00e1vel, para refletir, na medida do poss\u00edvel, a inten\u00e7\u00e3o original das partes, e as demais disposi\u00e7\u00f5es permanecer\u00e3o em pleno vigor e efeito.<\/span><\/p><p><span style=\"font-weight: 400;\">A falha da Cole\u00e7\u00e3o de Videoarte Alfredo Hertzog em exigir quaisquer direitos ou disposi\u00e7\u00f5es dos presentes Termos n\u00e3o constituir\u00e1 ren\u00fancia, podendo exercer regularmente o seu direito, dentro dos prazos legais.<\/span><\/p><p><b>COMUNICA\u00c7\u00d5ES<\/b><\/p><p><span style=\"font-weight: 400;\">Todas as comunica\u00e7\u00f5es por parte do Usu\u00e1rio \u00e0 Cole\u00e7\u00e3o de Videoarte Alfredo Hertzog s\u00e3o consideradas v\u00e1lidas, para todos os efeitos, quando forem dirigidas para o contato: <span style=\"text-decoration: underline;\"><a href=\"mailto:alfredohertzogart@gmail.com\" target=\"_blank\" rel=\"noopener\">alfredohertzogart@gmail.com<\/a><\/span><\/span><\/p><p><b>LEGISLA\u00c7\u00c3O E FORO APLIC\u00c1VEIS<\/b><\/p><p><span style=\"font-weight: 400;\">Esses Termos ser\u00e3o regidos, interpretados e executados de acordo com as leis da Rep\u00fablica Federativa do Brasil, independentemente dos conflitos dessas leis com leis de outros estados ou pa\u00edses, sendo competente o Foro da Comarca de S\u00e3o Paulo\/SP, para dirimir qualquer d\u00favida decorrente deste instrumento.<\/span><\/p><p><b>ATUALIZA\u00c7\u00d5ES DESTE TERMO<\/b><\/p><p><span style=\"font-weight: 400;\">Como estamos sempre buscando melhorar nossa Plataforma, estes Termos podem passar por atualiza\u00e7\u00f5es, visando fornecer ao Usu\u00e1rio mais seguran\u00e7a, conveni\u00eancia e melhorar cada vez mais a sua experi\u00eancia. \u00c9 por isso que recomendamos que o Usu\u00e1rio acesse nossos Termos periodicamente, para que tenha conhecimento sobre as modifica\u00e7\u00f5es. Para facilitar, indicamos no final do documento a data da \u00faltima atualiza\u00e7\u00e3o.<\/span><\/p><p><span style=\"font-weight: 400;\">20 de junho de 2024<\/span><\/p>\t\t\t\t\t\t\t\t<\/div>\n\t\t\t\t<\/div>\n\t\t\t\t\t<\/div>\n\t\t\t\t<\/div>\n\t\t\t\t<\/div>\n\t\t<\/div>\n\t\t\t\t\t\t<\/div>\n\t\t\t\t<\/div>\n\t\t\t\t\t<\/div>\n\t\t\t\t<\/div>\n\t\t\t\t<\/div>\n\t\t","protected":false},"excerpt":{"rendered":"","protected":false},"author":1,"featured_media":0,"parent":0,"menu_order":0,"comment_status":"closed","ping_status":"closed","template":"elementor_header_footer","meta":{"inline_featured_image":false,"footnotes":""},"class_list":["post-6658","page","type-page","status-publish","hentry"],"aioseo_notices":[],"yoast_head":"<!-- This site is optimized with the Yoast SEO Premium plugin v23.4 (Yoast SEO v27.3) - https:\/\/yoast.com\/product\/yoast-seo-premium-wordpress\/ -->\n<title>Alfredo Hertzog video collection<\/title>\n<meta name=\"description\" content=\"\u00c9 atenta a seu tempo e dedicada a essa express\u00e3o art\u00edstica que se constitui a Cole\u00e7\u00e3o de Videoarte Alfredo Hertzog com mais de 250 trabalhos experimentais, hist\u00f3ricos e recentes da produ\u00e7\u00e3o videogr\u00e1fica.\" \/>\n<meta name=\"robots\" content=\"index, follow, max-snippet:-1, max-image-preview:large, max-video-preview:-1\" \/>\n<link rel=\"canonical\" href=\"https:\/\/ahertzogvideoarte.com\/collection\/termos\/\" \/>\n<meta property=\"og:locale\" content=\"en_US\" \/>\n<meta property=\"og:type\" content=\"article\" \/>\n<meta property=\"og:title\" content=\"Alfredo Hertzog video collection\" \/>\n<meta property=\"og:description\" content=\"\u00c9 atenta a seu tempo e dedicada a essa express\u00e3o art\u00edstica que se constitui a Cole\u00e7\u00e3o de Videoarte Alfredo Hertzog com mais de 250 trabalhos experimentais, hist\u00f3ricos e recentes da produ\u00e7\u00e3o videogr\u00e1fica.\" \/>\n<meta property=\"og:url\" content=\"https:\/\/ahertzogvideoarte.com\/collection\/termos\/\" \/>\n<meta property=\"og:site_name\" content=\"AHERTZOG\" \/>\n<meta property=\"article:modified_time\" content=\"2024-07-16T17:40:33+00:00\" \/>\n<meta property=\"og:image\" content=\"https:\/\/ahertzogvideoarte.com\/collection\/wp-content\/uploads\/2024\/03\/ahertzog-marca-ico1.png\" \/>\n\t<meta property=\"og:image:width\" content=\"512\" \/>\n\t<meta property=\"og:image:height\" content=\"512\" \/>\n\t<meta property=\"og:image:type\" content=\"image\/png\" \/>\n<meta name=\"twitter:card\" content=\"summary_large_image\" \/>\n<meta name=\"twitter:label1\" content=\"Est. reading time\" \/>\n\t<meta name=\"twitter:data1\" content=\"6 minutes\" \/>\n<script type=\"application\/ld+json\" class=\"yoast-schema-graph\">{\"@context\":\"https:\\\/\\\/schema.org\",\"@graph\":[{\"@type\":\"WebPage\",\"@id\":\"https:\\\/\\\/ahertzogvideoarte.com\\\/collection\\\/termos\\\/\",\"url\":\"https:\\\/\\\/ahertzogvideoarte.com\\\/collection\\\/termos\\\/\",\"name\":\"Alfredo Hertzog video collection\",\"isPartOf\":{\"@id\":\"https:\\\/\\\/ahertzogvideoarte.com\\\/collection\\\/#website\"},\"datePublished\":\"2024-07-16T17:37:19+00:00\",\"dateModified\":\"2024-07-16T17:40:33+00:00\",\"description\":\"\u00c9 atenta a seu tempo e dedicada a essa express\u00e3o art\u00edstica que se constitui a Cole\u00e7\u00e3o de Videoarte Alfredo Hertzog com mais de 250 trabalhos experimentais, hist\u00f3ricos e recentes da produ\u00e7\u00e3o videogr\u00e1fica.\",\"breadcrumb\":{\"@id\":\"https:\\\/\\\/ahertzogvideoarte.com\\\/collection\\\/termos\\\/#breadcrumb\"},\"inLanguage\":\"en-US\",\"potentialAction\":[{\"@type\":\"ReadAction\",\"target\":[\"https:\\\/\\\/ahertzogvideoarte.com\\\/collection\\\/termos\\\/\"]}]},{\"@type\":\"BreadcrumbList\",\"@id\":\"https:\\\/\\\/ahertzogvideoarte.com\\\/collection\\\/termos\\\/#breadcrumb\",\"itemListElement\":[{\"@type\":\"ListItem\",\"position\":1,\"name\":\"Home\",\"item\":\"https:\\\/\\\/ahertzogvideoarte.com\\\/collection\\\/\"},{\"@type\":\"ListItem\",\"position\":2,\"name\":\"Termos\"}]},{\"@type\":\"WebSite\",\"@id\":\"https:\\\/\\\/ahertzogvideoarte.com\\\/collection\\\/#website\",\"url\":\"https:\\\/\\\/ahertzogvideoarte.com\\\/collection\\\/\",\"name\":\"AHERTZOG\",\"description\":\"\",\"publisher\":{\"@id\":\"https:\\\/\\\/ahertzogvideoarte.com\\\/collection\\\/#organization\"},\"potentialAction\":[{\"@type\":\"SearchAction\",\"target\":{\"@type\":\"EntryPoint\",\"urlTemplate\":\"https:\\\/\\\/ahertzogvideoarte.com\\\/collection\\\/?s={search_term_string}\"},\"query-input\":{\"@type\":\"PropertyValueSpecification\",\"valueRequired\":true,\"valueName\":\"search_term_string\"}}],\"inLanguage\":\"en-US\"},{\"@type\":\"Organization\",\"@id\":\"https:\\\/\\\/ahertzogvideoarte.com\\\/collection\\\/#organization\",\"name\":\"Alfredo Hertzog video collection\",\"url\":\"https:\\\/\\\/ahertzogvideoarte.com\\\/collection\\\/\",\"logo\":{\"@type\":\"ImageObject\",\"inLanguage\":\"en-US\",\"@id\":\"https:\\\/\\\/ahertzogvideoarte.com\\\/collection\\\/#\\\/schema\\\/logo\\\/image\\\/\",\"url\":\"https:\\\/\\\/ahertzogvideoarte.com\\\/collection\\\/wp-content\\\/uploads\\\/2024\\\/03\\\/ahertzog-marca-ico1.png\",\"contentUrl\":\"https:\\\/\\\/ahertzogvideoarte.com\\\/collection\\\/wp-content\\\/uploads\\\/2024\\\/03\\\/ahertzog-marca-ico1.png\",\"width\":512,\"height\":512,\"caption\":\"Alfredo Hertzog video collection\"},\"image\":{\"@id\":\"https:\\\/\\\/ahertzogvideoarte.com\\\/collection\\\/#\\\/schema\\\/logo\\\/image\\\/\"}}]}<\/script>\n<!-- \/ Yoast SEO Premium plugin. -->","yoast_head_json":{"title":"Alfredo Hertzog video collection","description":"\u00c9 atenta a seu tempo e dedicada a essa express\u00e3o art\u00edstica que se constitui a Cole\u00e7\u00e3o de Videoarte Alfredo Hertzog com mais de 250 trabalhos experimentais, hist\u00f3ricos e recentes da produ\u00e7\u00e3o videogr\u00e1fica.","robots":{"index":"index","follow":"follow","max-snippet":"max-snippet:-1","max-image-preview":"max-image-preview:large","max-video-preview":"max-video-preview:-1"},"canonical":"https:\/\/ahertzogvideoarte.com\/collection\/termos\/","og_locale":"en_US","og_type":"article","og_title":"Alfredo Hertzog video collection","og_description":"\u00c9 atenta a seu tempo e dedicada a essa express\u00e3o art\u00edstica que se constitui a Cole\u00e7\u00e3o de Videoarte Alfredo Hertzog com mais de 250 trabalhos experimentais, hist\u00f3ricos e recentes da produ\u00e7\u00e3o videogr\u00e1fica.","og_url":"https:\/\/ahertzogvideoarte.com\/collection\/termos\/","og_site_name":"AHERTZOG","article_modified_time":"2024-07-16T17:40:33+00:00","og_image":[{"width":512,"height":512,"url":"https:\/\/ahertzogvideoarte.com\/collection\/wp-content\/uploads\/2024\/03\/ahertzog-marca-ico1.png","type":"image\/png"}],"twitter_card":"summary_large_image","twitter_misc":{"Est. reading time":"6 minutes"},"schema":{"@context":"https:\/\/schema.org","@graph":[{"@type":"WebPage","@id":"https:\/\/ahertzogvideoarte.com\/collection\/termos\/","url":"https:\/\/ahertzogvideoarte.com\/collection\/termos\/","name":"Alfredo Hertzog video collection","isPartOf":{"@id":"https:\/\/ahertzogvideoarte.com\/collection\/#website"},"datePublished":"2024-07-16T17:37:19+00:00","dateModified":"2024-07-16T17:40:33+00:00","description":"\u00c9 atenta a seu tempo e dedicada a essa express\u00e3o art\u00edstica que se constitui a Cole\u00e7\u00e3o de Videoarte Alfredo Hertzog com mais de 250 trabalhos experimentais, hist\u00f3ricos e recentes da produ\u00e7\u00e3o videogr\u00e1fica.","breadcrumb":{"@id":"https:\/\/ahertzogvideoarte.com\/collection\/termos\/#breadcrumb"},"inLanguage":"en-US","potentialAction":[{"@type":"ReadAction","target":["https:\/\/ahertzogvideoarte.com\/collection\/termos\/"]}]},{"@type":"BreadcrumbList","@id":"https:\/\/ahertzogvideoarte.com\/collection\/termos\/#breadcrumb","itemListElement":[{"@type":"ListItem","position":1,"name":"Home","item":"https:\/\/ahertzogvideoarte.com\/collection\/"},{"@type":"ListItem","position":2,"name":"Termos"}]},{"@type":"WebSite","@id":"https:\/\/ahertzogvideoarte.com\/collection\/#website","url":"https:\/\/ahertzogvideoarte.com\/collection\/","name":"AHERTZOG","description":"","publisher":{"@id":"https:\/\/ahertzogvideoarte.com\/collection\/#organization"},"potentialAction":[{"@type":"SearchAction","target":{"@type":"EntryPoint","urlTemplate":"https:\/\/ahertzogvideoarte.com\/collection\/?s={search_term_string}"},"query-input":{"@type":"PropertyValueSpecification","valueRequired":true,"valueName":"search_term_string"}}],"inLanguage":"en-US"},{"@type":"Organization","@id":"https:\/\/ahertzogvideoarte.com\/collection\/#organization","name":"Alfredo Hertzog video collection","url":"https:\/\/ahertzogvideoarte.com\/collection\/","logo":{"@type":"ImageObject","inLanguage":"en-US","@id":"https:\/\/ahertzogvideoarte.com\/collection\/#\/schema\/logo\/image\/","url":"https:\/\/ahertzogvideoarte.com\/collection\/wp-content\/uploads\/2024\/03\/ahertzog-marca-ico1.png","contentUrl":"https:\/\/ahertzogvideoarte.com\/collection\/wp-content\/uploads\/2024\/03\/ahertzog-marca-ico1.png","width":512,"height":512,"caption":"Alfredo Hertzog video collection"},"image":{"@id":"https:\/\/ahertzogvideoarte.com\/collection\/#\/schema\/logo\/image\/"}}]}},"_links":{"self":[{"href":"https:\/\/ahertzogvideoarte.com\/collection\/wp-json\/wp\/v2\/pages\/6658","targetHints":{"allow":["GET"]}}],"collection":[{"href":"https:\/\/ahertzogvideoarte.com\/collection\/wp-json\/wp\/v2\/pages"}],"about":[{"href":"https:\/\/ahertzogvideoarte.com\/collection\/wp-json\/wp\/v2\/types\/page"}],"author":[{"embeddable":true,"href":"https:\/\/ahertzogvideoarte.com\/collection\/wp-json\/wp\/v2\/users\/1"}],"replies":[{"embeddable":true,"href":"https:\/\/ahertzogvideoarte.com\/collection\/wp-json\/wp\/v2\/comments?post=6658"}],"version-history":[{"count":4,"href":"https:\/\/ahertzogvideoarte.com\/collection\/wp-json\/wp\/v2\/pages\/6658\/revisions"}],"predecessor-version":[{"id":6664,"href":"https:\/\/ahertzogvideoarte.com\/collection\/wp-json\/wp\/v2\/pages\/6658\/revisions\/6664"}],"wp:attachment":[{"href":"https:\/\/ahertzogvideoarte.com\/collection\/wp-json\/wp\/v2\/media?parent=6658"}],"curies":[{"name":"wp","href":"https:\/\/api.w.org\/{rel}","templated":true}]}}